e hundred thousands digit of 96367368?
3
What is the ten thousands digit of 39203278?
0
What is the hundred millions digit of 264801913?
2
What is the hundred millions digit of 240207268?
2
What is the thousands digit of 1631752939?
2
What is the units digit of 35706051?
1
What is the tens digit of 25349349?
4
What is the millions digit of 557205958?
7
What is the hundred thousands digit of 41507607?
5
What is the hundreds digit of 533096316?
3
What is the tens digit of 42465526?
2
What is the millions digit of 29002135?
9
What is the ten thousands digit of 175283437?
8
What is the millions digit of 84902617?
4
What is the hundred thousands digit of 365442331?
4
What is the hundred millions digit of 884634807?
8
What is the ten millions digit of 64932231?
6
What is the ten millions digit of 82884980?
8
What is the hundred thousands digit of 159410719?
4
What is the thousands digit of 185690878?
0
What is the thousands digit of 41417878?
7
What is the ten millions digit of 1465067051?
6
What is the units digit of 687894346?
6
What is the hundreds digit of 109816505?
5
What is the ten thousands digit of 940517379?
1
What is the hundred thousands digit of 464507969?
5
What is the units digit of 2471058771?
1
What is the units digit of 416602576?
6
What is the hundred thousands digit of 2210507575?
5
What is the hundreds digit of 918802?
8
What is the millions digit of 1016524273?
6
What is the billions digit of 4571774898?
4
What is the ten thousands digit of 1697855443?
5
What is the ten thousands digit of 6541584392?
8
What is the hundred millions digit of 531957314?
5
What is the thousands digit of 213551922?
1
What is the hundred millions digit of 539683133?
5
What is the hundreds digit of 128529521?
5
What is the hundred millions digit of 226035903?
2
What is the hundreds digit of 291044784?
7
What is the ten thousands digit of 811598504?
9
What is the ten millions digit of 312660473?
1
What is the units digit of 465871232?
2
What is the hundred millions digit of 293672536?
2
What is the units digit of 616923839?
9
What is the ten millions digit of 465610181?
6
What is the thousands digit of 353405280?
5
What is the ten thousands digit of 99460128?
6
What is the ten millions digit of 277600465?
7
What is the hundred thousands digit of 128500814?
5
What is the hundreds digit of 574790009?
0
What is the ten millions digit of 48596104?
4
What is the hundred thousands digit of 4616165539?
1
What is the ten millions digit of 69513379?
6
What is the hundreds digit of 2620658409?
4
What is the millions digit of 84874587?
4
What is the ten thousands digit of 203954652?
5
What is the ten millions digit of 30227410?
3
What is the thousands digit of 76594559?
4
What is the millions digit of 108656946?
8
What is the units digit of 1299047880?
0
What is the ten thousands digit of 146354821?
5
What is the hundred thousands digit of 1295818809?
8
What is the millions digit of 99834118?
9
What is the units digit of 34373081?
1
What is the thousands digit of 465344234?
4
What is the hundreds digit of 65149564?
5
What is the tens digit of 1034766833?
3
What is the ten thousands digit of 292554533?
5
What is the ten millions digit of 302177799?
0
What is the ten millions digit of 5173412275?
7
What is the thousands digit of 572078473?
8
What is the thousands digit of 2171887103?
7
What is the tens digit of 140107827?
2
What is the tens digit of 4135957998?
9
What is the hundred thousands digit of 292869991?
8
What is the ten thousands digit of 117048077?
4
What is the ten thousands digit of 751288153?
8
What is the ten thousands digit of 82685255?
8
What is the ten millions digit of 752414420?
5
What is the ten millions digit of 2482633795?
8
What is the hundred thousands digit of 52205395?
2
What is the ten millions digit of 84240965?
8
What is the ten millions digit of 119265169?
1
What is the ten millions digit of 214645895?
1
What is the hundreds digit of 1533677999?
9
What is the units digit of 1124769189?
9
What is the hundred thousands digit of 106094415?
0
What is the thousands digit of 185714249?
4
What is the millions digit of 549457739?
9
What is the millions digit of 82500301?
2
What is the millions digit of 1431188734?
1
What is the units digit of 1658145402?
2
What is the hundred thousands digit of 74244810?
2
What is the millions digit of 55920208?
5
What is the ten thousands digit of 417532493?
3
What is the units digit of 8063459?
9
What is the ten millions digit of 3021726139?
2
What is the units digit of 120547286?
6
What is the ten millions digit of 1398858347?
9
What is the units digit of 400580375?
5
What is the hundred millions digit of 593407534?
5
What is the hundreds digit of 26304763?
7
What is the millions digit of 5452057876?
2
What is the tens digit of 192492421?
2
What is the millions digit of 92493834?
2
What is the units digit of 114077142?
2
What is the millions digit of 809710430?
9
What is the hundreds digit of 2756443488?
4
What is the thousands digit of 42761608?
1
What is the thousands digit of 43676435?
6
What is the hundred thousands digit of 8021374?
0
What is the hundred thousands digit of 2346931872?
9
What is the thousands digit of 17977894?
7
What is the ten millions digit of 481704962?
8
What is the tens digit of 101426962?
6
What is the thousands digit of 43660487?
0
What is the millions digit of 9996765?
9
What is the ten thousands digit of 227828823?
2
What is the units digit of 33679785?
5
What is the thousands digit of 2379437773?
7
What is the hundreds digit of 100616613?
6
What is the ten millions digit of 60837326?
6
What is the millions digit of 67725702?
7
What is the ten thousands digit of 1168279125?
7
What is the thousands digit of 2799300611?
0
What is the hundred thousands digit of 2039359965?
3
What is the ten thousands digit of 124549720?
4
What is the thousands digit of 204081432?
1
What is the thousands digit of 48216485?
6
What is the hundred thousands digit of 4905668250?
6
What is the millions digit of 207062604?
7
What is the hundred thousands digit of 269677647?
6
What is the tens digit of 161061871?
7
What is the tens digit of 41554033?
3
What is the ten thousands digit of 1560729573?
2
What is the thousands digit of 152485873?
5
What is the hundred millions digit of 1243734663?
2
What is the units digit of 1334443254?
4
What is the ten thousands digit of 595251852?
5
What is the tens digit of 4659291644?
4
What is the tens digit of 4775561243?
4
What is the billions digit of 1507618337?
1
What is the units digit of 738132523?
3
What is the units digit of 71209071?
1
What is the millions digit of 120066542?
0
What is the tens digit of 63422709?
0
What is the units digit of 2061341840?
0
What is the hundreds digit of 193444107?
1
What is the ten millions digit of 1609722154?
0
What is the hundred thousands digit of 260499582?
4
What is the hundred thousands digit of 783065176?
0
What is the millions digit of 1054564033?
4
What is the units digit of 96861635?
5
What is the ten thousands digit of 18182292?
8
What is the ten millions digit of 33365368?
3
What is the millions digit of 81350750?
1
What is the ten thousands digit of 63501118?
0
What is the millions digit of 355005803?
5
What is the millions digit of 4816916796?
6
What is the millions digit of 6899918?
6
What is the hundreds digit of 23215834?
8
What is the ten thousands digit of 99007840?
0
What is the units digit of 504773960?
0
What is the hundred millions digit of 355539494?
3
What is the hundreds digit of 1553421646?
6
What is the tens digit of 33985978?
7
What is the thousands digit of 24800283?
0
What is the hundred thousands digit of 30495403?
4
What is the thousands digit of 115594858?
4
What is the units digit of 688939708?
8
What is the thousands digit of 109783596?
3
What is the billions digit of 8308136473?
8
What is the hundred millions digit of 106053697?
1
What is the millions digit of 207010279?
7
What is the units digit of 89262647?
7
What is the units digit of 2353657471?
1
What is the units digit of 13356504?
4
What is the tens digit of 743400988?
8
What is the billions digit of 2327407356?
2
What is the ten thousands digit of 1693530477?
3
What is the units digit of 728716191?
1
What is the hundred millio